{"id":2989,"date":"2021-10-06T14:23:38","date_gmt":"2021-10-06T12:23:38","guid":{"rendered":"http:\/\/www.timeserver.eu\/?page_id=2989"},"modified":"2022-09-18T11:25:33","modified_gmt":"2022-09-18T09:25:33","slug":"unser-unternehmen","status":"publish","type":"page","link":"https:\/\/www.rdcs.eu\/?page_id=2989","title":{"rendered":"Unser Unternehmen"},"content":{"rendered":"\n<div class=\"h-nutshell\">\n\n  <div>\n    <svg class=\"svg-inline--fa fa-users fa-w-20\" aria-hidden=\"true\" focusable=\"false\" data-prefix=\"fas\" data-icon=\"users\" role=\"img\" xmlns=\"http:\/\/www.w3.org\/2000\/svg\" viewBox=\"0 0 640 512\" data-fa-i2svg=\"\"><path fill=\"currentColor\" d=\"M96 224c35.3 0 64-28.7 64-64s-28.7-64-64-64-64 28.7-64 64 28.7 64 64 64zm448 0c35.3 0 64-28.7 64-64s-28.7-64-64-64-64 28.7-64 64 28.7 64 64 64zm32 32h-64c-17.6 0-33.5 7.1-45.1 18.6 40.3 22.1 68.9 62 75.1 109.4h66c17.7 0 32-14.3 32-32v-32c0-35.3-28.7-64-64-64zm-256 0c61.9 0 112-50.1 112-112S381.9 32 320 32 208 82.1 208 144s50.1 112 112 112zm76.8 32h-8.3c-20.8 10-43.9 16-68.5 16s-47.6-6-68.5-16h-8.3C179.6 288 128 339.6 128 403.2V432c0 26.5 21.5 48 48 48h288c26.5 0 48-21.5 48-48v-28.8c0-63.6-51.6-115.2-115.2-115.2zm-223.7-13.4C161.5 263.1 145.6 256 128 256H64c-35.3 0-64 28.7-64 64v32c0 17.7 14.3 32 32 32h65.9c6.3-47.4 34.9-87.3 75.2-109.4z\"><\/path><\/svg>\n    <span class=\"text\">Mitarbeiter<\/span>\n    <span class=\"number\">50+<\/span>\n  <\/div>\n\n  <div>\n    <svg class=\"svg-inline--fa fa-thumbs-up fa-w-16\" aria-hidden=\"true\" focusable=\"false\" data-prefix=\"far\" data-icon=\"thumbs-up\" role=\"img\" xmlns=\"http:\/\/www.w3.org\/2000\/svg\" viewBox=\"0 0 512 512\" data-fa-i2svg=\"\"><path fill=\"currentColor\" d=\"M466.27 286.69C475.04 271.84 480 256 480 236.85c0-44.015-37.218-85.58-85.82-85.58H357.7c4.92-12.81 8.85-28.13 8.85-46.54C366.55 31.936 328.86 0 271.28 0c-61.607 0-58.093 94.933-71.76 108.6-22.747 22.747-49.615 66.447-68.76 83.4H32c-17.673 0-32 14.327-32 32v240c0 17.673 14.327 32 32 32h64c14.893 0 27.408-10.174 30.978-23.95 44.509 1.001 75.06 39.94 177.802 39.94 7.22 0 15.22.01 22.22.01 77.117 0 111.986-39.423 112.94-95.33 13.319-18.425 20.299-43.122 17.34-66.99 9.854-18.452 13.664-40.343 8.99-62.99zm-61.75 53.83c12.56 21.13 1.26 49.41-13.94 57.57 7.7 48.78-17.608 65.9-53.12 65.9h-37.82c-71.639 0-118.029-37.82-171.64-37.82V240h10.92c28.36 0 67.98-70.89 94.54-97.46 28.36-28.36 18.91-75.63 37.82-94.54 47.27 0 47.27 32.98 47.27 56.73 0 39.17-28.36 56.72-28.36 94.54h103.99c21.11 0 37.73 18.91 37.82 37.82.09 18.9-12.82 37.81-22.27 37.81 13.489 14.555 16.371 45.236-5.21 65.62zM88 432c0 13.255-10.745 24-24 24s-24-10.745-24-24 10.745-24 24-24 24 10.745 24 24z\"><\/path><\/svg>\n    <span class=\"text\">Erfahrung in Jahre<\/span>\n    <span class=\"number\">20+<\/span>\n  <\/div>\n\n  <div>\n    <svg class=\"svg-inline--fa fa-map-marked-alt fa-w-18\" aria-hidden=\"true\" focusable=\"false\" data-prefix=\"fas\" data-icon=\"map-marked-alt\" role=\"img\" xmlns=\"http:\/\/www.w3.org\/2000\/svg\" viewBox=\"0 0 576 512\" data-fa-i2svg=\"\"><path fill=\"currentColor\" d=\"M288 0c-69.59 0-126 56.41-126 126 0 56.26 82.35 158.8 113.9 196.02 6.39 7.54 17.82 7.54 24.2 0C331.65 284.8 414 182.26 414 126 414 56.41 357.59 0 288 0zm0 168c-23.2 0-42-18.8-42-42s18.8-42 42-42 42 18.8 42 42-18.8 42-42 42zM20.12 215.95A32.006 32.006 0 0 0 0 245.66v250.32c0 11.32 11.43 19.06 21.94 14.86L160 448V214.92c-8.84-15.98-16.07-31.54-21.25-46.42L20.12 215.95zM288 359.67c-14.07 0-27.38-6.18-36.51-16.96-19.66-23.2-40.57-49.62-59.49-76.72v182l192 64V266c-18.92 27.09-39.82 53.52-59.49 76.72-9.13 10.77-22.44 16.95-36.51 16.95zm266.06-198.51L416 224v288l139.88-55.95A31.996 31.996 0 0 0 576 426.34V176.02c0-11.32-11.43-19.06-21.94-14.86z\"><\/path><\/svg>\n    <span class=\"text\">Standorte<\/span>\n    <span class=\"number\">3<\/span>\n  <\/div>\n\n\n\n<\/div>\n\n\n\n<div class=\"wp-block-columns are-vertically-aligned-center h-group-right is-layout-flex wp-container-core-columns-is-layout-9d6595d7 wp-block-columns-is-layout-flex\">\n<div class=\"wp-block-column is-vertically-aligned-center is-layout-flow wp-block-column-is-layout-flow\" style=\"flex-basis:33%\"><div class=\"wp-block-image\">\n<figure class=\"alignleft size-large\"><img loading=\"lazy\" decoding=\"async\" width=\"844\" height=\"513\" src=\"http:\/\/www.timeserver.eu\/wp-content\/uploads\/2021\/03\/HOPF-ELEKTRONIK-GMBH_COMPANY-CLAIM_GPS_GNSS_NETWORK-TIMESERVER_TIME-REFERENCE-SYSTEMS_CLOCK-SYNCHRONIZATION-2.png\" alt=\"\" class=\"wp-image-712\" srcset=\"https:\/\/www.rdcs.eu\/wp-content\/uploads\/2021\/03\/HOPF-ELEKTRONIK-GMBH_COMPANY-CLAIM_GPS_GNSS_NETWORK-TIMESERVER_TIME-REFERENCE-SYSTEMS_CLOCK-SYNCHRONIZATION-2.png 844w, https:\/\/www.rdcs.eu\/wp-content\/uploads\/2021\/03\/HOPF-ELEKTRONIK-GMBH_COMPANY-CLAIM_GPS_GNSS_NETWORK-TIMESERVER_TIME-REFERENCE-SYSTEMS_CLOCK-SYNCHRONIZATION-2-300x182.png 300w, https:\/\/www.rdcs.eu\/wp-content\/uploads\/2021\/03\/HOPF-ELEKTRONIK-GMBH_COMPANY-CLAIM_GPS_GNSS_NETWORK-TIMESERVER_TIME-REFERENCE-SYSTEMS_CLOCK-SYNCHRONIZATION-2-768x467.png 768w\" sizes=\"auto, (max-width: 844px) 100vw, 844px\" \/><\/figure>\n<\/div><\/div>\n\n\n\n<div class=\"wp-block-column is-vertically-aligned-center is-layout-flow wp-block-column-is-layout-flow\" style=\"flex-basis:67%\">\n<h3 class=\"wp-block-heading\">Unternehmensanspruch<\/h3>\n\n\n\n<ul class=\"wp-block-list\" id=\"block-1776f327-ec99-46bc-8786-7b2f50f211d1\" style=\"font-size:25px\"><li><strong>Maximale Qualit\u00e4t<\/strong><\/li><li><strong>H\u00f6chste Zuverl\u00e4ssigkeit<\/strong><\/li><li><strong>H\u00f6chste Sicherheit<\/strong><\/li><li><strong>Wettbewerbsf\u00e4hige Preise<\/strong><\/li><li><strong>Flexible und anpassbare L\u00f6sungen<\/strong><\/li><li><strong>Individueller Kundenservice und -support<\/strong> <\/li><\/ul>\n<\/div>\n<\/div>\n\n\n\n<div class=\"wp-block-columns are-vertically-aligned-center h-group-left is-layout-flex wp-container-core-columns-is-layout-9d6595d7 wp-block-columns-is-layout-flex\">\n<div class=\"wp-block-column is-vertically-aligned-center is-layout-flow wp-block-column-is-layout-flow\" style=\"flex-basis:67%\">\n<h3 class=\"has-text-align-left wp-block-heading\">Unternehmensphilosophie<\/h3>\n\n\n\n<p>Ein <strong>hochkompetentes, sehr gut ausgebildetes Team<\/strong>, das am Puls der Zeit bleibt, <strong>moderne Programmiermethoden<\/strong> und ein <strong>l\u00f6sungsorientiertes Mindset<\/strong> sind die Basis f\u00fcr die hohe Qualit\u00e4t der RDCS-Produkte. <\/p>\n\n\n\n<p>Die <strong>eigene Entwicklung vom Produktdesign inklusive Zertifizierungen bis zur Vermarktung sowie schlanke Vertriebsstrukturen<\/strong> erm\u00f6glichen es uns, einen l\u00fcckenlosen Prozessablauf zu gew\u00e4hrleisten, um die hohen Qualit\u00e4tsanforderungen und -standards zu erf\u00fcllen, die von unseren Kunden zu Recht erwartet werden.<\/p>\n\n\n\n<p>Die Bed\u00fcrfnisse und die Zufriedenheit unserer Kunden sind unser Ma\u00dfstab und tragen stets zur \u00dcberarbeitung und Optimierung unserer Verwaltungs- und Produktionsprozesse bei. <\/p>\n\n\n\n<p><strong>Erstklassige Kundenberatung<\/strong>, basierend auf fundierten Kenntnissen der Kundenprodukte und -systeme, ist die Basis f\u00fcr eine erfolgreiche Zusammenarbeit mit unseren gesch\u00e4tzten Kunden &#8211; von der ersten Anfrage bis zum After-Sales Service und Lifecycle Support.<\/p>\n\n\n\n<p><br>Das Unternehmen RDCS Informationstechnologie GmbH ist sich seiner Verantwortung gegen\u00fcber Kunden und Mitarbeitern bewusst und unterh\u00e4lt deshalb <a href=\"https:\/\/www.rdcs.eu\/?page_id=3002\">zertifizierte Managementsysteme f\u00fcr Qualit\u00e4t, Arbeitsschutz und Umweltschutz nach den einschl\u00e4gigen international anerkannten Normen<\/a>.<\/p>\n<\/div>\n\n\n\n<div class=\"wp-block-column is-layout-flow wp-block-column-is-layout-flow\">\n<figure class=\"wp-block-image size-large\"><img loading=\"lazy\" decoding=\"async\" width=\"1024\" height=\"399\" src=\"http:\/\/web.rdcs.eu\/wp-content\/uploads\/2022\/09\/Quality-made-in-Austria_RDCS-1024x399.jpg\" alt=\"\" class=\"wp-image-4251\"\/><\/figure>\n<\/div>\n\n\n\n<div class=\"wp-block-column is-vertically-aligned-center is-layout-flow wp-block-column-is-layout-flow\" style=\"flex-basis:33%\">\n<img loading=\"lazy\" decoding=\"async\" src=\"https:\/\/www.rdcs.eu\/wp-content\/uploads\/2022\/09\/Quality-made-in-Austria_RDCS-1.jpg\" alt=\"Made in Austria\" width=\"500\" height=\"159\">; <p><b> Made in Austria <\/b><\/p>\n<\/div>\n<\/div>\n\n\n\n\n","protected":false},"excerpt":{"rendered":"<p>Mitarbeiter 50+ Erfahrung in Jahre 20+ Standorte 3 Unternehmensanspruch Maximale Qualit\u00e4t H\u00f6chste Zuverl\u00e4ssigkeit H\u00f6chste Sicherheit Wettbewerbsf\u00e4hige Preise Flexible und anpassbare L\u00f6sungen Individueller Kundenservice und -support Unternehmensphilosophie Ein hochkompetentes, sehr gut ausgebildetes Team, das am Puls der Zeit bleibt, moderne Programmiermethoden und ein l\u00f6sungsorientiertes Mindset sind die Basis f\u00fcr die hohe Qualit\u00e4t der RDCS-Produkte. Die eigene [&hellip;]<\/p>\n","protected":false},"author":1,"featured_media":0,"parent":2181,"menu_order":0,"comment_status":"closed","ping_status":"closed","template":"page-company.php","meta":{"_oasis_is_in_workflow":0,"_oasis_original":0,"om_disable_all_campaigns":false,"_mi_skip_tracking":false,"_monsterinsights_sitenote_active":false,"_monsterinsights_sitenote_note":"","_monsterinsights_sitenote_category":0,"footnotes":""},"class_list":["post-2989","page","type-page","status-publish","hentry"],"aioseo_notices":[],"lang":"de","translations":{"de":2989,"en":426},"pll_sync_post":[],"_links":{"self":[{"href":"https:\/\/www.rdcs.eu\/index.php?rest_route=\/wp\/v2\/pages\/2989","targetHints":{"allow":["GET"]}}],"collection":[{"href":"https:\/\/www.rdcs.eu\/index.php?rest_route=\/wp\/v2\/pages"}],"about":[{"href":"https:\/\/www.rdcs.eu\/index.php?rest_route=\/wp\/v2\/types\/page"}],"author":[{"embeddable":true,"href":"https:\/\/www.rdcs.eu\/index.php?rest_route=\/wp\/v2\/users\/1"}],"replies":[{"embeddable":true,"href":"https:\/\/www.rdcs.eu\/index.php?rest_route=%2Fwp%2Fv2%2Fcomments&post=2989"}],"version-history":[{"count":59,"href":"https:\/\/www.rdcs.eu\/index.php?rest_route=\/wp\/v2\/pages\/2989\/revisions"}],"predecessor-version":[{"id":4721,"href":"https:\/\/www.rdcs.eu\/index.php?rest_route=\/wp\/v2\/pages\/2989\/revisions\/4721"}],"up":[{"embeddable":true,"href":"https:\/\/www.rdcs.eu\/index.php?rest_route=\/wp\/v2\/pages\/2181"}],"wp:attachment":[{"href":"https:\/\/www.rdcs.eu\/index.php?rest_route=%2Fwp%2Fv2%2Fmedia&parent=2989"}],"curies":[{"name":"wp","href":"https:\/\/api.w.org\/{rel}","templated":true}]}}