{"id":2181,"date":"2021-09-27T09:52:33","date_gmt":"2021-09-27T07:52:33","guid":{"rendered":"http:\/\/www.timeserver.eu\/?page_id=2181"},"modified":"2022-09-17T16:26:25","modified_gmt":"2022-09-17T14:26:25","slug":"wir-sind-hopf","status":"publish","type":"page","link":"http:\/\/www.rdcs.eu\/?page_id=2181","title":{"rendered":"Wir sind RDCS"},"content":{"rendered":"\n<div class=\"wp-block-group h-statement\"><div class=\"wp-block-group__inner-container is-layout-flow wp-block-group-is-layout-flow\">\n<h2 class=\"has-text-align-center wp-block-heading\">Willkommen bei der RDCS Informationstechnologie GmbH!<\/h2>\n\n\n\n<p class=\"has-text-align-center\">RDCS Informationstechnologie GmbH wurde 1999 gegr\u00fcndet und ist Ihr verl\u00e4sslicher und kompetenter Partner im Bereich <strong>Eisenbahntechnologie<\/strong>,<strong> funktionaler Sicherheit<\/strong> und dem klassischen Bereich der <strong>Informationstechnologie<\/strong>. Gemeinsam mit ihrem Tochterunternehmen HARD Engineering GmbH liefert RDCS seit mehr als 20 Jahren <strong>ma\u00dfgeschneiderte, innovative Kundenl\u00f6sungen im Bereich der Informationstechnologie<\/strong>. Das Leistungsspektrum umfasst sowohl <strong>Beratung und Planung als auch Implementierung und Wartung von Einzell\u00f6sungen bis hin zur Gesamtprojektabwicklung und \u00dcbergabe einer schl\u00fcsselfertigen Anlage<\/strong> an den Kunden. Unser Unternehmen versteht sich als <strong>servicestarker Partner in allen IT-Technologiebereichen mit absoluter Qualit\u00e4tsorientierung<\/strong>.<\/p>\n<\/div><\/div>\n\n\n\n<div class=\"wp-block-columns are-vertically-aligned-center h-group-left is-layout-flex wp-container-core-columns-is-layout-9d6595d7 wp-block-columns-is-layout-flex\">\n<div class=\"wp-block-column is-vertically-aligned-center is-layout-flow wp-block-column-is-layout-flow\" style=\"flex-basis:67%\">\n<h3 class=\"wp-block-heading\">Highlights<\/h3>\n\n\n\n<p id=\"block-53b08654-0d53-451a-a315-08c50cc72c8b\">Die eigene Entwicklung, Produktion und der Vertrieb sowie die schlanke Organisationsstruktur und die kurzen Kommunikationswege garantieren die gleichbleibend <strong>hohe Qualit\u00e4t<\/strong> unserer Produkte zu <strong>wettbewerbsf\u00e4higen Preisen<\/strong>.<\/p>\n\n\n\n<p id=\"block-50d61fd7-56e3-450c-964f-5df4b5a636cf\">Unsere innovativen Produkte &#8211; das <strong>Rail Traffic Management System (RTMS) f\u00fcr Neben- und Industriebahnen<\/strong>, das <strong>digitale Stellwerk ILOCK-RC<\/strong> sowie die <strong>funkbasierte Integrationsl\u00f6sung f\u00fcr EKSA\/B\u00dc-\u00dcberg\u00e4nge<\/strong> &#8211; sind mit Sicherheitsverantwortung auf diversen Bahnstrecken in \u00d6sterreich seit Jahren erfolgreich in Betrieb. <\/p>\n\n\n\n<p>Durch st\u00e4ndigen Informationsaustausch, kontinuierliche Zusammenarbeit mit unseren Kunden und Unterst\u00fctzung in allen Fragen und schlie\u00dflich durch ein Netzwerk gleichgesinnter Partner bleiben wir am Puls der Kundenbed\u00fcrfnisse.<\/p>\n\n\n\n<p><strong>Unsere Kunden sind unsere Partner &#8211; f\u00fcr sie tun wir, was wir k\u00f6nnen! Und das ist nach \u00fcber 20 Jahren eine ganze Menge.<\/strong><\/p>\n<\/div>\n\n\n\n<div class=\"wp-block-column is-vertically-aligned-center is-layout-flow wp-block-column-is-layout-flow\" style=\"flex-basis:33%\"><div class=\"wp-block-image company-building\">\n<figure class=\"alignright size-large\"><img loading=\"lazy\" decoding=\"async\" width=\"1024\" height=\"576\" src=\"http:\/\/web.rdcs.eu\/wp-content\/uploads\/2022\/09\/RDCS_Rabenstein01-1024x576.jpg\" alt=\"\" class=\"wp-image-4217\" srcset=\"https:\/\/www.rdcs.eu\/wp-content\/uploads\/2022\/09\/RDCS_Rabenstein01-1024x576.jpg 1024w, https:\/\/www.rdcs.eu\/wp-content\/uploads\/2022\/09\/RDCS_Rabenstein01-300x169.jpg 300w, https:\/\/www.rdcs.eu\/wp-content\/uploads\/2022\/09\/RDCS_Rabenstein01-768x432.jpg 768w, https:\/\/www.rdcs.eu\/wp-content\/uploads\/2022\/09\/RDCS_Rabenstein01-320x180.jpg 320w, https:\/\/www.rdcs.eu\/wp-content\/uploads\/2022\/09\/RDCS_Rabenstein01-480x270.jpg 480w, https:\/\/www.rdcs.eu\/wp-content\/uploads\/2022\/09\/RDCS_Rabenstein01-800x450.jpg 800w, https:\/\/www.rdcs.eu\/wp-content\/uploads\/2022\/09\/RDCS_Rabenstein01.jpg 1440w\" sizes=\"auto, (max-width: 1024px) 100vw, 1024px\" \/><\/figure>\n<\/div><\/div>\n<\/div>\n\n\n\n<figure class=\"wp-block-gallery columns-3 is-cropped hopf-big-gallery\">\n<ul class=\"blocks-gallery-grid\">\n  <li class=\"blocks-gallery-item\">\n    <figure>\n      <a href=\"https:\/\/www.rdcs.eu\/?page_id=2970&amp;lang=de\">\n        <img decoding=\"async\" src=\"\/wp-content\/uploads\/2021\/04\/TEAMWORK_HOPF-ELEKTRONIK-GMBH-1024x683.jpeg\">\n      <\/a>\n      <figcaption class=\"blocks-gallery-item__caption\">Management &amp; Team<\/figcaption>\n    <\/figure>\n  <\/li>\n  <li class=\"blocks-gallery-item\">\n    <figure>\n      <a href=\"https:\/\/www.rdcs.eu\/?page_id=2989&amp;lang=de\">\n        <img decoding=\"async\" src=\"\/wp-content\/uploads\/2021\/02\/hopf_fancy_device.jpg\">\n      <\/a>\n      <figcaption class=\"blocks-gallery-item__caption\">Unser Unternehmen: Gestern \u2013 Heute \u2013 Morgen<\/figcaption>\n    <\/figure>\n  <\/li>\n  <li class=\"blocks-gallery-item\">\n    <figure>\n      <a href=\"https:\/\/www.rdcs.eu\/?page_id=2992\">\n        <img decoding=\"async\" src=\"\/wp-content\/uploads\/2021\/05\/sustainability-1024x683.jpeg\">\n      <\/a>\n      <figcaption class=\"blocks-gallery-item__caption\">Nachhaltigkeit &amp; Verantwortung<\/figcaption>\n    <\/figure>\n  <\/li>\n<\/ul>\n<\/figure>\n","protected":false},"excerpt":{"rendered":"<p>Willkommen bei der RDCS Informationstechnologie GmbH! RDCS Informationstechnologie GmbH wurde 1999 gegr\u00fcndet und ist Ihr verl\u00e4sslicher und kompetenter Partner im Bereich Eisenbahntechnologie, funktionaler Sicherheit und dem klassischen Bereich der Informationstechnologie. Gemeinsam mit ihrem Tochterunternehmen HARD Engineering GmbH liefert RDCS seit mehr als 20 Jahren ma\u00dfgeschneiderte, innovative Kundenl\u00f6sungen im Bereich der Informationstechnologie. Das Leistungsspektrum umfasst sowohl [&hellip;]<\/p>\n","protected":false},"author":1,"featured_media":0,"parent":2084,"menu_order":0,"comment_status":"closed","ping_status":"closed","template":"page-company.php","meta":{"_oasis_is_in_workflow":0,"_oasis_original":0,"om_disable_all_campaigns":false,"_mi_skip_tracking":false,"_monsterinsights_sitenote_active":false,"_monsterinsights_sitenote_note":"","_monsterinsights_sitenote_category":0,"footnotes":""},"class_list":["post-2181","page","type-page","status-publish","hentry"],"aioseo_notices":[],"lang":"de","translations":{"de":2181,"en":218},"pll_sync_post":[],"_links":{"self":[{"href":"http:\/\/www.rdcs.eu\/index.php?rest_route=\/wp\/v2\/pages\/2181","targetHints":{"allow":["GET"]}}],"collection":[{"href":"http:\/\/www.rdcs.eu\/index.php?rest_route=\/wp\/v2\/pages"}],"about":[{"href":"http:\/\/www.rdcs.eu\/index.php?rest_route=\/wp\/v2\/types\/page"}],"author":[{"embeddable":true,"href":"http:\/\/www.rdcs.eu\/index.php?rest_route=\/wp\/v2\/users\/1"}],"replies":[{"embeddable":true,"href":"http:\/\/www.rdcs.eu\/index.php?rest_route=%2Fwp%2Fv2%2Fcomments&post=2181"}],"version-history":[{"count":19,"href":"http:\/\/www.rdcs.eu\/index.php?rest_route=\/wp\/v2\/pages\/2181\/revisions"}],"predecessor-version":[{"id":4651,"href":"http:\/\/www.rdcs.eu\/index.php?rest_route=\/wp\/v2\/pages\/2181\/revisions\/4651"}],"up":[{"embeddable":true,"href":"http:\/\/www.rdcs.eu\/index.php?rest_route=\/wp\/v2\/pages\/2084"}],"wp:attachment":[{"href":"http:\/\/www.rdcs.eu\/index.php?rest_route=%2Fwp%2Fv2%2Fmedia&parent=2181"}],"curies":[{"name":"wp","href":"https:\/\/api.w.org\/{rel}","templated":true}]}}